
What is 1 (base 12) in base 13?
1
Convert -33 (base 8) to base 2.
-11011
Convert 32 (base 4) to base 5.
24
What is 42 (base 10) in base 11?
39
What is -10 (base 16) in base 2?
-10000
Convert 1122 (base 3) to base 10.
44
Convert -2 (base 12) to base 13.
-2
-122 (base 6) to base 14
-38
What is 29 (base 15) in base 11?
36
Convert 29 (base 13) to base 5.
120
105 (base 7) to base 2
110110
Convert 3 (base 7) to base 14.
3
Convert -3 (base 7) to base 12.
-3
-1 (base 5) to base 9
-1
-a (base 11) to base 15
-a
Convert -104 (base 5) to base 7.
-41
Convert 2 (base 15) to base 6.
2
-7 (base 11) to base 4
-13
What is -3 (base 14) in base 13?
-3
-100100 (base 2) to base 16
-24
What is -1 (base 13) in base 14?
-1
Convert -2 (base 16) to base 12.
-2
What is 51 (base 7) in base 6?
100
Convert -42 (base 12) to base 8.
-62
What is 28 (base 11) in base 13?
24
Convert -41 (base 5) to base 9.
-23
What is 14 (base 5) in base 12?
9
Convert -c3 (base 14) to base 4.
-2223
-41 (base 12) to base 15
-34
-32 (base 11) to base 6
-55
Convert 264 (base 8) to base 16.
b4
Convert -2 (base 14) to base 9.
-2
What is -2001 (base 3) in base 13?
-43
2 (base 13) to base 2
10
Convert 8 (base 11) to base 7.
11
8 (base 9) to base 13
8
What is -102 (base 7) in base 16?
-33
-1a (base 16) to base 15
-1b
What is -8 (base 16) in base 10?
-8
Convert -1 (base 8) to base 12.
-1
What is -221 (base 4) in base 8?
-51
What is 0 (base 12) in base 13?
0
Convert -11 (base 4) to base 13.
-5
11 (base 12) to base 5
23
What is -5b (base 16) in base 7?
-160
11 (base 2) to base 15
3
-16 (base 9) to base 4
-33
-5a (base 13) to base 4
-1023
What is 535 (base 7) in base 8?
417
What is 2 (base 11) in base 3?
2
What is -2101 (base 3) in base 6?
-144
Convert 167 (base 15) to base 12.
22a
Convert -2 (base 15) to base 14.
-2
Convert -3 (base 6) to base 2.
-11
0 (base 7) to base 5
0
Convert 24 (base 12) to base 7.
40
Convert -f (base 16) to base 6.
-23
62 (base 16) to base 15
68
What is -7 (base 15) in base 13?
-7
Convert -11 (base 3) to base 15.
-4
What is -157 (base 14) in base 16?
-111
What is 121 (base 4) in base 9?
27
What is -1 (base 3) in base 2?
-1
Convert -ad (base 16) to base 10.
-173
Convert -4 (base 8) to base 10.
-4
What is 0 (base 14) in base 5?
0
What is -32 (base 11) in base 6?
-55
106 (base 8) to base 6
154
112 (base 3) to base 11
13
Convert 101111011 (base 2) to base 12.
277
Convert 40 (base 12) to base 13.
39
What is -7 (base 9) in base 3?
-21
Convert -73 (base 15) to base 10.
-108
26 (base 14) to base 10
34
Convert -1011 (base 4) to base 13.
-54
-30 (base 4) to base 10
-12
Convert 3a (base 11) to base 13.
34
What is -3 (base 5) in base 15?
-3
-11 (base 4) to base 5
-10
Convert -7 (base 15) to base 13.
-7
7e (base 15) to base 7
230
What is 112 (base 11) in base 15?
8e
5 (base 11) to base 14
5
a5 (base 15) to base 2
10011011
What is -1414 (base 5) in base 15?
-109
Convert -145 (base 11) to base 10.
-170
Convert 22 (base 3) to base 12.
8
Convert 38 (base 12) to base 2.
101100
Convert 13 (base 16) to base 12.
17
What is 0 (base 14) in base 7?
0
What is -9 (base 13) in base 4?
-21
What is -1 (base 12) in base 9?
-1
Convert -263 (base 9) to base 13.
-13b
What is 16 (base 16) in base 15?
17
Convert 110 (base 6) to base 13.
33
What is -6b (base 13) in base 12?
-75
What is -113 (base 8) in base 13?
-5a
What is -15 (base 6) in base 3?
-102
15 (base 9) to base 6
22
Convert -23 (base 8) to base 11.
-18
Convert -3 (base 4) to base 16.
-3
1 (base 2) to base 6
1
-2e (base 15) to base 16
-2c
Convert 17 (base 12) to base 7.
25
4 (base 8) to base 6
4
46 (base 12) to base 3
2000
41 (base 6) to base 8
31
What is 1130 (base 4) in base 9?
112
What is -174 (base 14) in base 7?
-604
b (base 12) to base 15
b
Convert -1 (base 8) to base 12.
-1
3 (base 4) to base 8
3
-3 (base 6) to base 12
-3
24 (base 9) to base 12
1a
-11 (base 2) to base 14
-3
Convert 20 (base 7) to base 14.
10
Convert 11 (base 11) to base 12.
10
-55 (base 6) to base 3
-1022
-30 (base 4) to base 8
-14
45 (base 13) to base 4
321
-17 (base 15) to base 9
-24
Convert 231 (base 6) to base 11.
83
Convert -7 (base 13) to base 16.
-7
What is 32 (base 5) in base 12?
15
Convert -127 (base 14) to base 9.
-276
Convert 3 (base 15) to base 8.
3
-3 (base 5) to base 14
-3
-4 (base 10) to base 3
-11
What is 97 (base 11) in base 4?
1222
What is -142 (base 8) in base 5?
-343
1 (base 3) to base 14
1
Convert 1 (base 2) to base 9.
1
-15 (base 12) to base 11
-16
2011 (base 3) to base 9
64
What is 40 (base 11) in base 13?
35
What is 3 (base 13) in base 10?
3
-2 (base 4) to base 15
-2
Convert 306 (base 10) to base 14.
17c
Convert 135 (base 12) to base 3.
20212
What is 57 (base 12) in base 7?
124
Convert -3 (base 13) to base 9.
-3
Convert -1 (base 11) to base 15.
-1
-11 (base 6) to base 13
-7
10011 (base 2) to base 14
15
What is -142 (base 5) in base 14?
-35
11d (base 14) to base 16
df
What is 1 (base 10) in base 11?
1
What is 1 (base 16) in base 5?
1
What is 10 (base 11) in base 16?
b
What is -2 (base 16) in base 15?
-2
0 (base 2) to base 5
0
-2 (base 4) to base 12
-2
What is 40 (base 7) in base 12?
24
Convert 14 (base 14) to base 6.
30
-11 (base 4) to base 16
-5
Convert -6 (base 16) to base 3.
-20
Convert b (base 15) to base 4.
23
What is b (base 16) in base 14?
b
What is -22 (base 5) in base 8?
-14
Convert 7 (base 11) to base 7.
10
Convert -222 (base 3) to base 13.
-20
What is 1 (base 3) in base 2?
1
a1 (base 11) to base 2
1101111
-5 (base 12) to base 10
-5
Convert 14d (base 14) to base 7.
526
Convert -7 (base 14) to base 15.
-7
What is 3 (base 7) in base 2?
11
What is 1d (base 14) in base 6?
43
3 (base 14) to base 8
3
What is 96 (base 11) in base 7?
210
Convert 4 (base 7) to base 16.
4
4 (base 8) to base 7
4
Convert -11 (base 2) to base 5.
-3
Convert a0 (base 16) to base 10.
160
Convert -11011 (base 2) to base 4.
-123
32 (base 4) to base 7
20
Convert -3 (base 5) to base 8.
-3
What is -3 (base 11) in base 8?
-3
10 (base 9) to base 5
14
-452 (base 6) to base 13
-107
2 (base 4) to base 7
2
What is -110 (base 9) in base 8?
-132
60 (base 9) to base 4
312
What is -3 (base 12) in base 10?
-3
What is 5 (base 7) in base 9?
5
What is -1101110 (base 2) in base 6?
-302
0 (base 16) to base 6
0
-195 (base 13) to base 2
-100100011
207 (base 8) to base 13
a5
Convert 1134 (base 6) to base 7.
541
What is -1a (base 16) in base 3?
-222
-2 (base 12) to base 2
-10
-13 (base 8) to base 12
-b
What is 10 (base 6) in base 2?
110
-243 (base 11) to base 15
-144
Convert 1021 (base 3) to base 12.
2a
147 (base 12) to base 6
531
Convert 3 (base 13) to base 15.
3
10 (base 7) to base 13
7
What is -23 (base 14) in base 9?
-34
Convert 12 (base 13) to base 11.
14
What is -22 (base 9) in base 2?
-10100
Convert 111102 (base 3) to base 7.
1025
-101 (base 3) to base 8
-12
Convert -2 (base 14) to base 7.
-2
What is -35 (base 10) in base 8?
-43
Convert -4 (base 14) to base 3.
-11
Convert -11001 (base 2) to base 3.
-221
d3 (base 16) to base 5
1321
-3 (base 15) to base 4
-3
What is -4 (base 7) in base 14?
-4
What is -6a (base 15) in base 16?
-64
7 (base 14) to base 12
7
What is 3 (base 15) in base 12?
3
Convert -21 (base 7) to base 15.
-10
Convert 1322 (base 4) to base 6.
322
What is -1 (base 9) in base 2?
-1
What is 1 (base 6) in base 4?
1
122 (base 8) to base 5
312
What is -47 (base 13) in base 6?
-135
Convert 1 (base 6) to base 2.
1
What is -23 (base 15) in base 5?
-113
1101 (base 2) to base 14
d
-40 (base 12) to base 13
-39
2 (base 16) to base 2
10
What is 42 (base 9) in base 10?
38
-9d (base 14) to base 4
-2023
Convert -9 (base 12) to base 10.
-9
-1 (base 9) to base 10
-1
Convert 7 (base 10) to base 7.
10
What is -155 (base 11) in base 16?
-b5
Convert 10 (base 2) to base 5.
2
Convert -14 (base 11) to base 2.
-1111
Convert 10 (base 13) to base 5.
23
Convert 3 (base 8) to base 13.
3
2 (base 10) to base 14
2
What is -5 (base 8) in base 6?
-5
What is -3 (base 5) in base 6?
-3
440 (base 7) to base 9
268
0 (base 2) to base 7
0
What is -10 (base 2) in base 10?
-2
Convert 5 (base 8) to base 2.
101
Convert 11111110 (base 2) to base 14.
142
3 (base 12) to base 4
3
-14 (base 16) to base 3
-202
Convert -100 (base 3) to base 15.
-9
What is -2 (base 3) in base 11?
-2
What is e (base 16) in base 4?
32
Convert 0 (base 11) to 